derivative of -n**2/2 - 9*n + 1114. Let p be t(f). What is the highest common divisor of 8 and p?
1
Let q be 4216 - -14*(-64)/(-112). Calculate the greatest common divisor of 330 and q.
66
Let i(o) = 1467*o**2 - 469*o - 935. Let d be i(-2). Calculate the greatest common factor of 1236 and d.
309
Let a = -17377 - -17405. Calculate the highest common factor of 14798 and a.
14
Suppose 0 = 5*t - 20, 5*b - 11 = -2*t + 3*t. Suppose 3*i = -4*o + 56, -b*o - 5*i + 28 = -o. Calculate the highest common divisor of o and 49.
7
Let x = 7117 + -7083. What is the highest common factor of x and 5916?
34
Suppose -i = 1007 - 1055. Calculate the greatest common divisor of i and 12.
12
Let t = 10710 + -10622. Calculate the highest common factor of 21384 and t.
88
Let v(c) be the first derivative of -c**2/2 - 5*c + 26. Let n be v(-11). Let s be 6 - 0*(-1)/(-2). What is the greatest common factor of s and n?
6
Let f(x) = -x + 16. Let d be f(5). What is the highest common divisor of d and 1903?
11
Suppose -25*v + 34*v = -18. Let a = v + 47. Calculate the greatest common factor of a and 60.
15
Let g(l) = -2*l**3 - l**2 + 3*l + 5. Let q be g(-5). Let i = q - 208. Calculate the greatest common factor of i and 35.
7
Let d = -18123 + 19371. Calculate the highest common factor of 494 and d.
26
Let f be (-90)/(-4)*30788/895. What is the greatest common divisor of f and 144?
18
Let t(b) = -b**2 + b + 24. Let h be t(-4). Suppose 0 = h*c - 5 - 99. Let u be 9*(c + 4/((-16)/(-12))). Calculate the greatest common factor of u and 29.
29
Suppose -7*s = 2*s - 216. Suppose 4*w = 3*w + s. What is the highest common divisor of w and 6?
6
Let n = 22 - 6. Let k(u) be the third derivative of u**4/8 - 11*u**3/3 + 77*u**2 - 2. Let s be k(n). What is the highest common factor of s and 78?
26
Suppose 1945 + 1574 = 69*h. Let u = -762 - -2600. Let f be u/4 + (-2)/4. What is the greatest common factor of h and f?
51
Suppose 0 = -z + 3, -5*z = -4*f - z + 24. Let l be 8/((-16)/(-3))*(320 - 2). What is the highest common factor of l and f?
9
Suppose 454*y + 14056 = 63088. Let w(k) = 16*k. Let b be w(1). Calculate the highest common factor of b and y.
4
Suppose 0*z = -3*z + 5*m - 7, m - 5 = 0. Suppose z*v = 5*v + 2. Suppose v*j + 2 - 30 = 0. Calculate the highest common factor of 154 and j.
14
Let v = -94 - -138. Suppose 82*z + 2802 - 10288 - 1534 = 0. What is the highest common factor of v and z?
22
Let u(y) = y - 8. Let b be u(9). Suppose b = 3*f + r - 1, 0 = 2*r + 8. Suppose z = -f*z + 33. Calculate the greatest common factor of 77 and z.
11
Suppose 2*q - 6*q - 5*x = 1568, 2*q + 3*x + 784 = 0. Let b = q + 483. Let y(d) = 14*d**2 - d. Let u be y(1). What is the highest common factor of u and b?
13
Suppose 17*b + 8*b - 2231 - 2669 = 0. What is the greatest common divisor of 4263 and b?
49
Suppose -2*f + 2230 = 5*z, 0 = -4*f + 15 - 35. Calculate the highest common divisor of z and 98.
14
Let d(c) = c**2 - 4*c + 238. Let n be d(17). Calculate the highest common factor of 12 and n.
3
Let n = -171 + 175. Suppose y + y = 5*l - 19, y + 17 = n*l. What is the highest common divisor of y and 2?
1
Let c be 3729/13 + 28/13 + -2. Let m = c + -274. What is the greatest common divisor of m and 39?
13
Suppose 550 = 2*j + 5*t, 47*t - 284 = -j + 49*t. What is the highest common factor of 1190 and j?
70
Suppose 0 = -8*q + 52 - 12. Suppose -2*g = -23 + q. What is the greatest common factor of g and 90?
9
Let y be 20/45 - (-15022)/261. Let f be -3*(-1 + 458/(-6)). What is the greatest common factor of f and y?
58
Suppose -35*q + 63*q - 38 = 26*q. What is the greatest common divisor of 10564 and q?
19
Let o = 16 - -17. Suppose 38*p = 35*p + o. Let n = 31 - p. What is the greatest common divisor of 10 and n?
10
Let r be (-1334)/(-145) - 12/10. Let p(w) be the second derivative of w**3/6 - 5*w**2/2 + w. Let v be p(r). Calculate the highest common factor of 15 and v.
3
Let f(t) = t**2 - 6*t + 1. Let s(o) = -o**3 - 12*o**2 - 4*o - 41. Let i be s(-12). Let x be f(i). What is the greatest common divisor of 72 and x?
8
Let p = 6788 + -6587. Let w(h) = 269*h**2 - 1. Let r be w(-1). Calculate the greatest common divisor of r and p.
67
Suppose 3*w = 4*h - 153, -6*w + 189 = 5*h - 9*w. Calculate the greatest common factor of h and 1377.
9
Let j be (0 + -2 + 2)/(-29 + 26). Suppose 5*u = -4*l + 1171, -6*u + 9*u - l - 706 = j. What is the greatest common factor of 94 and u?
47
Suppose 3*t + 21*y - 12 = 20*y, 5*y + 20 = t. Let s be 124/20 - (-2 - (-11)/t). Calculate the greatest common divisor of s and 22.
2
Let a = 135 - 6. Let i = a + -113. Calculate the highest common factor of 144 and i.
16
Suppose -4*s + 4*v = -48, -5*s + 2*s - 3*v = -12. Suppose -5*x + 31 = 3*j, -x - 20 = -2*j - s. Let y = -2 + j. What is the highest common factor of 35 and y?
5
Suppose -3*s + 1125*q + 175 = 1126*q, -5*q = 5*s - 295. What is the greatest common factor of 2842 and s?
58
Suppose b - 1 - 6 = u, -3*b = -4*u - 25. Let q be (192/12)/(u/(-74)). What is the greatest common factor of q and 74?
74
Suppose 307*x = 281*x + 1810 + 7628. Let q(r) = r**3 + 33. Let l = -9 + 9. Let v be q(l). Calculate the greatest common factor of v and x.
33
Suppose -139 + 161 = 29*k - 181. What is the highest common factor of 238 and k?
7
Let f = 20 + -20. Suppose f = 2*n + 2*n + 2*o - 30, -n = 5*o - 30. Suppose -36*k - 3*k = -1365. Calculate the greatest common divisor of k and n.
5
Let m be 2*(-3 - (-19)/1). Suppose m*j - 27*j = 5*z + 865, 2*j = -3*z + 361. Calculate the greatest common factor of 132 and j.
44
Suppose y - 4*p - 110 + 44 = 0, 2*p - 132 = -2*y. Suppose -7*u = -1355 - 1879. What is the greatest common factor of y and u?
66
Let y be 1/(-2)*(65 - 67). Let s be 244/(-8)*(-20)/y. Calculate the greatest common factor of 61 and s.
61
Let i be 84*(682/33 + -12). What is the highest common factor of i and 112?
56
Suppose 6 = -4*o + 22. Let x = 216 + -212. Suppose -q + 51 = 2*g - 0*q, 0 = x*g - q - 117. Calculate the highest common divisor of g and o.
4
Let t be (-183729)/(-231) + (-3 - 145/(-55)). What is the highest common factor of t and 1431?
159
Let u be -261*9/(-81) - (1 - 0)*-11. Let k be (-628)/(-7) - 2/(-7). What is the highest common factor of k and u?
10
Let q = 1932 + -1876. Calculate the greatest common divisor of 224 and q.
56
Let n be 20*((-68)/20 + 5). Let g be (-168)/60*(-3 - n - 0). What is the greatest common divisor of 245 and g?
49
Let i be 0*(3 + 20/(-6)). Suppose i = 5*h - 15*h + 600. Calculate the highest common divisor of h and 12.
12
Let s(p) = 2*p**3 - p + 1. Let x be s(2). Suppose 5*d - 5 = 4*d. Let n(z) = 5*z - 10. Let o be n(d). What is the highest common divisor of o and x?
15
Suppose -2*o + 99 = 3*u - 113, -4*u = 4*o - 288. What is the highest common factor of u and 1156?
68
Let w(b) = -134*b - 1040. Let u be w(-8). Suppose -3*h - 2*s = -234, -2*h - 2*s + 3*s = -163. What is the greatest common factor of u and h?
16
Let r = -60 - -107. Suppose 4 = v - 3*w - 3, -4*w + r = 3*v. Let u be -3 - (-28 - 2) - 1. What is the highest common factor of v and u?
13
Let j(v) = -3*v**2 + 79*v - 162. Let d be j(24). Calculate the greatest common factor of 4857 and d.
3
Let a be (2 - 3/6)*(-37 + 1). Let t = -62 - a. Let i be (7185/(-12))/(-5) + (-2)/t. What is the greatest common divisor of 15 and i?
15
Suppose -646*w = -23623 - 12553. Let x(l) = l**3 - l**2 + 3*l - 2. Let k be x(2). What is the highest common factor of w and k?
8
Let a(m) = -m**2 + 45*m + 557. Let p be a(55). Calculate the highest common factor of p and 301.
7
Let p(v) = 2*v**3 + 26*v**2 - 16*v - 8. Let o be p(-13). Suppose -112 = -12*g + o. What is the greatest common divisor of g and 13?
13
Suppose 4*z - 56 = h, -z + 3*z - h - 26 = 0. Suppose 3*j - 3059 = 4*o + 2095, 0 = 3*j - 2*o - 5142. What is the greatest common factor of z and j?
15
Suppose 3*t - 789 - 213 = -3*u, 0 = 5*u - t - 1682. What is the highest common factor of 1296 and u?
48
Suppose -6*z = -47 - 607. Suppose -7*d + 171 = -z. Calculate the highest common divisor of 280 and d.
40
Suppose -33 - 47 = 5*h. Let n be (-2 - h/7) + (-396)/(-84). Suppose n*f = 52 + 13. Calculate the highest common factor of f and 39.
13
Suppose 86*c + 4*c = -78*c + 840. Calculate the highest common divisor of 1935 and c.
5
Let m be (11 + -1